{"id":11,"date":"2021-04-15T19:41:52","date_gmt":"2021-04-15T19:41:52","guid":{"rendered":"https:\/\/adrianamangualde.com\/?page_id=11"},"modified":"2026-04-27T00:24:43","modified_gmt":"2026-04-27T00:24:43","slug":"about","status":"publish","type":"page","link":"https:\/\/adrianamangualde.com\/?page_id=11","title":{"rendered":"Sobre mim"},"content":{"rendered":"\t\t<div data-elementor-type=\"wp-page\" data-elementor-id=\"11\" class=\"elementor elementor-11\">\n\t\t\t\t\t\t<section class=\"elementor-section elementor-top-section elementor-element elementor-element-43ea8c82 elementor-section-boxed elementor-section-height-default elementor-section-height-default\" data-id=\"43ea8c82\" data-element_type=\"section\" data-e-type=\"section\">\n\t\t\t\t\t\t<div class=\"elementor-container elementor-column-gap-default\">\n\t\t\t\t\t<div class=\"elementor-column elementor-col-100 elementor-top-column elementor-element elementor-element-4a5c2acb\" data-id=\"4a5c2acb\" data-element_type=\"column\" data-e-type=\"column\">\n\t\t\t<div class=\"elementor-widget-wrap elementor-element-populated\">\n\t\t\t\t\t\t<div class=\"elementor-element elementor-element-5e5c9820 elementor-drop-cap-yes elementor-drop-cap-view-default elementor-invisible elementor-widget elementor-widget-text-editor\" data-id=\"5e5c9820\" data-element_type=\"widget\" data-e-type=\"widget\" data-settings=\"{&quot;drop_cap&quot;:&quot;yes&quot;,&quot;_animation&quot;:&quot;fadeInLeft&quot;}\" data-widget_type=\"text-editor.default\">\n\t\t\t\t<div class=\"elementor-widget-container\">\n\t\t\t\t\t\t\t\t\t\n<p>Adriana Mangualde \u00e9 Psic\u00f3loga formada h\u00e1 23 anos pela PUC Minas e possui diversas especializa\u00e7\u00f5es na \u00e1rea da Psicologia e desenvolvimento humano.\u00a0 Ministrante de palestras com temas relevantes como autodesenvolvimento, intelig\u00eancia emocional, comportamento, educa\u00e7\u00e3o de filhos, vida familiar entre outros, busca impactar a vida das pessoas, compartilhando conhecimentos e experi\u00eancias de sua trajet\u00f3ria pessoal e profissional.<\/p>\n<p>Seguindo a linha sist\u00eamica de atua\u00e7\u00e3o, est\u00e1 somando \u00e0 sua forma\u00e7\u00e3o a t\u00e9cnica da Constela\u00e7\u00e3o Familiar, pelo conceituado Instituto Koziner em S\u00e3o Paulo, organiza\u00e7\u00e3o que difunde essa nova abordagem psicoterap\u00eautica que vem demonstrando incr\u00edveis resultados em ajudar as pessoas a encontrarem solu\u00e7\u00f5es para os problemas recorrentes em suas vidas.<\/p>\n\t\t\t\t\t\t\t\t<\/div>\n\t\t\t\t<\/div>\n\t\t\t\t\t<\/div>\n\t\t<\/div>\n\t\t\t\t\t<\/div>\n\t\t<\/section>\n\t\t\t\t<\/div>\n\t\t","protected":false},"excerpt":{"rendered":"<p>Adriana Mangualde \u00e9 Psic\u00f3loga formada h\u00e1 23 anos pela PUC Minas e possui diversas especializa\u00e7\u00f5es na \u00e1rea da Psicologia e desenvolvimento humano.\u00a0 Ministrante de palestras com temas relevantes como autodesenvolvimento, intelig\u00eancia emocional, comportamento, educa\u00e7\u00e3o de filhos, vida familiar entre outros, busca impactar a vida das pessoas, compartilhando conhecimentos e experi\u00eancias de sua trajet\u00f3ria pessoal e &hellip; <\/p>\n<p class=\"link-more\"><a href=\"https:\/\/adrianamangualde.com\/?page_id=11\" class=\"more-link\">Continue lendo<span class=\"screen-reader-text\"> &#8220;Sobre mim&#8221;<\/span><\/a><\/p>\n","protected":false},"author":1,"featured_media":597,"parent":0,"menu_order":0,"comment_status":"closed","ping_status":"closed","template":"","meta":{"_joinchat":[],"footnotes":""},"class_list":["post-11","page","type-page","status-publish","has-post-thumbnail","hentry"],"_links":{"self":[{"href":"https:\/\/adrianamangualde.com\/index.php?rest_route=\/wp\/v2\/pages\/11","targetHints":{"allow":["GET"]}}],"collection":[{"href":"https:\/\/adrianamangualde.com\/index.php?rest_route=\/wp\/v2\/pages"}],"about":[{"href":"https:\/\/adrianamangualde.com\/index.php?rest_route=\/wp\/v2\/types\/page"}],"author":[{"embeddable":true,"href":"https:\/\/adrianamangualde.com\/index.php?rest_route=\/wp\/v2\/users\/1"}],"replies":[{"embeddable":true,"href":"https:\/\/adrianamangualde.com\/index.php?rest_route=%2Fwp%2Fv2%2Fcomments&post=11"}],"version-history":[{"count":108,"href":"https:\/\/adrianamangualde.com\/index.php?rest_route=\/wp\/v2\/pages\/11\/revisions"}],"predecessor-version":[{"id":673,"href":"https:\/\/adrianamangualde.com\/index.php?rest_route=\/wp\/v2\/pages\/11\/revisions\/673"}],"wp:featuredmedia":[{"embeddable":true,"href":"https:\/\/adrianamangualde.com\/index.php?rest_route=\/wp\/v2\/media\/597"}],"wp:attachment":[{"href":"https:\/\/adrianamangualde.com\/index.php?rest_route=%2Fwp%2Fv2%2Fmedia&parent=11"}],"curies":[{"name":"wp","href":"https:\/\/api.w.org\/{rel}","templated":true}]}}

<div data-elementor-type="wp-page" data-elementor-id="11" class="elementor elementor-11">
						<section class="elementor-section elementor-top-section elementor-element elementor-element-43ea8c82 elementor-section-boxed elementor-section-height-default elementor-section-height-default" data-id="43ea8c82" data-element_type="section" data-e-type="section">
						<div class="elementor-container elementor-column-gap-default">
					<div class="elementor-column elementor-col-100 elementor-top-column elementor-element elementor-element-4a5c2acb" data-id="4a5c2acb" data-element_type="column" data-e-type="column">
			<div class="elementor-widget-wrap elementor-element-populated">
						<div class="elementor-element elementor-element-5e5c9820 elementor-drop-cap-yes elementor-drop-cap-view-default elementor-invisible elementor-widget elementor-widget-text-editor" data-id="5e5c9820" data-element_type="widget" data-e-type="widget" data-settings="{&quot;drop_cap&quot;:&quot;yes&quot;,&quot;_animation&quot;:&quot;fadeInLeft&quot;}" data-widget_type="text-editor.default">
				<div class="elementor-widget-container">
									
<p>Adriana Mangualde é Psicóloga formada há 23 anos pela PUC Minas e possui diversas especializações na área da Psicologia e desenvolvimento humano.  Ministrante de palestras com temas relevantes como autodesenvolvimento, inteligência emocional, comportamento, educação de filhos, vida familiar entre outros, busca impactar a vida das pessoas, compartilhando conhecimentos e experiências de sua trajetória pessoal e profissional.</p>
<p>Seguindo a linha sistêmica de atuação, está somando à sua formação a técnica da Constelação Familiar, pelo conceituado Instituto Koziner em São Paulo, organização que difunde essa nova abordagem psicoterapêutica que vem demonstrando incríveis resultados em ajudar as pessoas a encontrarem soluções para os problemas recorrentes em suas vidas.</p>
								</div>
				</div>
					</div>
		</div>
					</div>
		</section>
				</div>

<p>Adriana Mangualde é Psicóloga formada há 23 anos pela PUC Minas e possui diversas especializações na área da Psicologia e desenvolvimento humano.  Ministrante de palestras com temas relevantes como autodesenvolvimento, inteligência emocional, comportamento, educação de filhos, vida familiar entre outros, busca impactar a vida das pessoas, compartilhando conhecimentos e experiências de sua trajetória pessoal e &hellip; </p>
<p class="link-more"><a href="https://adrianamangualde.com/?page_id=11" class="more-link">Continue lendo<span class="screen-reader-text"> &#8220;Sobre mim&#8221;</span></a></p>
